{"id":210,"date":"2018-10-10T13:45:14","date_gmt":"2018-10-10T13:45:14","guid":{"rendered":"http:\/\/nmsravelsbach.ac.at\/?page_id=210"},"modified":"2025-01-20T10:49:24","modified_gmt":"2025-01-20T09:49:24","slug":"anmeldung","status":"publish","type":"page","link":"https:\/\/nmsravelsbach.ac.at\/?page_id=210","title":{"rendered":"Anmeldung"},"content":{"rendered":"<p>Sehr gesch\u00e4tzte Eltern\/Erziehungsberechtigte!<\/p>\n<p>Die Anmeldeformulare werden vor den Semesterferien in der jeweiligen Volksschule ausgeteilt und k\u00f6nnen dort nach den Semesterferien auch wieder abgegeben werden. Diese werden dann an unsere Schule gesammelt \u00fcbermittelt.<\/p>\n<p>F\u00fcr Sie als Elternteil entsteht somit der geringstm\u00f6gliche Aufwand.<\/p>\n<p>Bei Fragen k\u00f6nnen Sie mich sehr gerne telefonisch unter 02958 \/ 82488 erreichen. Falls Sie unsere Schule gemeinsam mit Ihrem Kind besichtigen m\u00f6chten, melden Sie sich bitte ebenfalls telefonisch oder per Mail unter nms.ravelsbach@noeschule.at.<\/p>\n<p><span style=\"font-size: 18pt;\"><strong>NEU!!!<\/strong><\/span><br \/>\nAuch sprengelfremde Sch\u00fclerInnen k\u00f6nnen nun ohne eigenem schriftlichen Ansuchen unsere Schule besuchen. Bitte mit mir Kontakt aufnehmen.<\/p>\n<p>Mit freundlichen Gr\u00fc\u00dfen<\/p>\n<p>SL Sabine Lechner<\/p>\n<p>Nat\u00fcrlich steht Ihnen das Formular auch als\u00a0\u00a0<a href=\"https:\/\/nmsravelsbach-my.sharepoint.com\/:w:\/g\/personal\/foto_nmsravelsbach_ac_at\/EdHARTVTVS1CgJmd8Cjq6G8B6haxWcYvwWnc6xXk0g9V6w?e=8PAn9m\">Download<\/a> zur Verf\u00fcgung, genauso wie die <a href=\"https:\/\/nmsravelsbach-my.sharepoint.com\/:w:\/g\/personal\/foto_nmsravelsbach_ac_at\/EWRnZLj7AVJKqh9AI3tyZCkBC78NooUmt6eEzOYVvrO3vQ?e=3U7u3B\">Einkaufsliste 1<\/a> , die <a href=\"https:\/\/nmsravelsbach-my.sharepoint.com\/:w:\/g\/personal\/foto_nmsravelsbach_ac_at\/ETd2hEROQy1DqIBp9di5wGYBYaxsBdphpmfDbBB4AK-rtg?e=47phKE\">Einkaufsliste 2<\/a>, die <a href=\"https:\/\/nmsravelsbach-my.sharepoint.com\/:w:\/g\/personal\/foto_nmsravelsbach_ac_at\/ETlS9dyd0a5IlsblBHiYzV8BrGGS7JC1gjr0_RVX20bnvg?e=sDf7Kc\">Einkaufsliste 3<\/a> und die <a href=\"https:\/\/nmsravelsbach-my.sharepoint.com\/:w:\/g\/personal\/foto_nmsravelsbach_ac_at\/ESUuXUDvkjJPiGxL6huD7YEBVH_2EgTOVL2gUxzkpKcYNQ?e=ca34WG\">Einkaufsliste 4<\/a>.<\/p>\n","protected":false},"excerpt":{"rendered":"<p>Sehr gesch\u00e4tzte Eltern\/Erziehungsberechtigte! Die Anmeldeformulare werden vor den Semesterferien in der jeweiligen Volksschule ausgeteilt und k\u00f6nnen dort nach den Semesterferien auch wieder abgegeben werden. Diese werden dann an unsere Schule gesammelt \u00fcbermittelt. F\u00fcr Sie als Elternteil entsteht somit der geringstm\u00f6gliche Aufwand. Bei Fragen k\u00f6nnen Sie mich sehr gerne telefonisch unter<\/p>\n","protected":false},"author":3,"featured_media":0,"parent":0,"menu_order":0,"comment_status":"closed","ping_status":"closed","template":"","meta":[],"_links":{"self":[{"href":"https:\/\/nmsravelsbach.ac.at\/index.php?rest_route=\/wp\/v2\/pages\/210"}],"collection":[{"href":"https:\/\/nmsravelsbach.ac.at\/index.php?rest_route=\/wp\/v2\/pages"}],"about":[{"href":"https:\/\/nmsravelsbach.ac.at\/index.php?rest_route=\/wp\/v2\/types\/page"}],"author":[{"embeddable":true,"href":"https:\/\/nmsravelsbach.ac.at\/index.php?rest_route=\/wp\/v2\/users\/3"}],"replies":[{"embeddable":true,"href":"https:\/\/nmsravelsbach.ac.at\/index.php?rest_route=%2Fwp%2Fv2%2Fcomments&post=210"}],"version-history":[{"count":15,"href":"https:\/\/nmsravelsbach.ac.at\/index.php?rest_route=\/wp\/v2\/pages\/210\/revisions"}],"predecessor-version":[{"id":2447,"href":"https:\/\/nmsravelsbach.ac.at\/index.php?rest_route=\/wp\/v2\/pages\/210\/revisions\/2447"}],"wp:attachment":[{"href":"https:\/\/nmsravelsbach.ac.at\/index.php?rest_route=%2Fwp%2Fv2%2Fmedia&parent=210"}],"curies":[{"name":"wp","href":"https:\/\/api.w.org\/{rel}","templated":true}]}}