{"id":2099,"date":"2023-09-19T10:45:40","date_gmt":"2023-09-19T08:45:40","guid":{"rendered":"https:\/\/nmsravelsbach.ac.at\/?page_id=2099"},"modified":"2025-10-23T11:16:58","modified_gmt":"2025-10-23T09:16:58","slug":"begabungsfoerderung","status":"publish","type":"page","link":"https:\/\/nmsravelsbach.ac.at\/?page_id=2099","title":{"rendered":"Begabungsf\u00f6rderung"},"content":{"rendered":"<p><strong>Neu im Schuljahr 2025\/26: &#8222;Body and Brain&#8220; an der Gesund-Aktiv-Mittelschule Ravelsbach<\/strong><\/p>\n<p>Die Gesund-Aktiv-Mittelschule Ravelsbach erweitert ihr Angebot um das Programm <strong>\u201eBody and Brain\u201c<\/strong> \u2013 ein Set unverbindlicher \u00dcbungen, das Bewegung und geistige F\u00f6rderung kombiniert. Ab dem Schuljahr 2025\/26 k\u00f6nnen Sch\u00fcler:innen semesterweise aus spannenden Angeboten w\u00e4hlen:<\/p>\n<ul>\n<li><strong>Franz\u00f6sisch f\u00fcr Einsteiger<\/strong> \u2013 spielerischer Einstieg in eine neue Sprache<\/li>\n<li><strong>Tanzen<\/strong> \u2013 f\u00f6rdert Rhythmus, Koordination und Teamarbeit<\/li>\n<li><strong>Robotik<\/strong> \u2013 praxisnaher Zugang zur Welt der Technik<\/li>\n<li><strong>Ballsport<\/strong> \u2013 f\u00fcr Fitness, Teamgeist und strategisches Denken<\/li>\n<\/ul>\n<p>Das Programm st\u00e4rkt die ganzheitliche Entwicklung und passt zum Leitbild der Schule: <strong>gesund, aktiv und vielseitig lernorientiert<\/strong>. Schulleiterin Sabine Lechner betont: <em>\u201eWir verbinden Lernen mit Bewegung, Kreativit\u00e4t und Freude.\u201c<\/em><\/p>\n<p><a href=\"https:\/\/nmsravelsbach-my.sharepoint.com\/:f:\/g\/personal\/foto_nmsravelsbach_ac_at\/Ei49Gg-334NFloWfZcibiwABRwCbXsQsxdWdAenphtT_bg?e=ySHdBm\">Fotos &#8230;<\/a><\/p>\n<p><a href=\"https:\/\/nmsravelsbach-my.sharepoint.com\/:f:\/g\/personal\/foto_nmsravelsbach_ac_at\/EgkfDsEaZyNFh7VIMVqsnakBdnjczmhcNacCdxCWtdtw-w?e=MKp181\">Talentezentrum Stift G\u00f6ttweig<\/a><\/p>\n<p>&nbsp;<\/p>\n<p>&nbsp;<\/p>\n<p>&nbsp;<\/p>\n","protected":false},"excerpt":{"rendered":"<p>Neu im Schuljahr 2025\/26: &#8222;Body and Brain&#8220; an der Gesund-Aktiv-Mittelschule Ravelsbach Die Gesund-Aktiv-Mittelschule Ravelsbach erweitert ihr Angebot um das Programm \u201eBody and Brain\u201c \u2013 ein Set unverbindlicher \u00dcbungen, das Bewegung und geistige F\u00f6rderung kombiniert. Ab dem Schuljahr 2025\/26 k\u00f6nnen Sch\u00fcler:innen semesterweise aus spannenden Angeboten w\u00e4hlen: Franz\u00f6sisch f\u00fcr Einsteiger \u2013 spielerischer<\/p>\n","protected":false},"author":3,"featured_media":2630,"parent":0,"menu_order":0,"comment_status":"closed","ping_status":"closed","template":"","meta":[],"_links":{"self":[{"href":"https:\/\/nmsravelsbach.ac.at\/index.php?rest_route=\/wp\/v2\/pages\/2099"}],"collection":[{"href":"https:\/\/nmsravelsbach.ac.at\/index.php?rest_route=\/wp\/v2\/pages"}],"about":[{"href":"https:\/\/nmsravelsbach.ac.at\/index.php?rest_route=\/wp\/v2\/types\/page"}],"author":[{"embeddable":true,"href":"https:\/\/nmsravelsbach.ac.at\/index.php?rest_route=\/wp\/v2\/users\/3"}],"replies":[{"embeddable":true,"href":"https:\/\/nmsravelsbach.ac.at\/index.php?rest_route=%2Fwp%2Fv2%2Fcomments&post=2099"}],"version-history":[{"count":8,"href":"https:\/\/nmsravelsbach.ac.at\/index.php?rest_route=\/wp\/v2\/pages\/2099\/revisions"}],"predecessor-version":[{"id":2632,"href":"https:\/\/nmsravelsbach.ac.at\/index.php?rest_route=\/wp\/v2\/pages\/2099\/revisions\/2632"}],"wp:featuredmedia":[{"embeddable":true,"href":"https:\/\/nmsravelsbach.ac.at\/index.php?rest_route=\/wp\/v2\/media\/2630"}],"wp:attachment":[{"href":"https:\/\/nmsravelsbach.ac.at\/index.php?rest_route=%2Fwp%2Fv2%2Fmedia&parent=2099"}],"curies":[{"name":"wp","href":"https:\/\/api.w.org\/{rel}","templated":true}]}}